what is 10226 - -16481?
26717
In base 16, what is 8172 - 1b8?
7fba
In base 12, what is -5 + -51a551?
-51a556
In base 10, what is 3874 + -7926?
-4052
In base 15, what is 627dee - 1?
627ded
In base 10, what is -2 + -40008451?
-40008453
In base 3, what is -20210111021 + 12020?
-20210022001
In base 5, what is -300 + -24021101?
-24021401
In base 2, what is 1010010110 - 100101110?
101101000
In base 13, what is -176c7 + cc?
-175c8
In base 14, what is 33b408ad + -5?
33b408a8
In base 4, what is -1303321 + -1201031?
-3111012
In base 9, what is -1 - 546187051?
-546187052
In base 3, what is -1222 - -12221222?
12220000
In base 5, what is 214140131 - 31?
214140100
In base 8, what is -1310 + 500103?
476573
In base 14, what is 1574 - 161a0?
-14a2a
In base 3, what is 1101101 + 22011102?
100112210
In base 6, what is -4100344 + -4?
-4100352
In base 16, what is -80e0a - 3?
-80e0d
In base 2, what is -11101001110100111011100000 - 0?
-11101001110100111011100000
In base 10, what is 0 + 13401442?
13401442
In base 3, what is 222 - 1002111?
-1001112
In base 9, what is -52 - -1180184?
1180132
In base 14, what is 3766 + -39bb?
-255
In base 16, what is 7 + -a47e1?
-a47da
In base 11, what is -37896 - -195?
-37701
In base 7, what is 500151 + 21?
500202
In base 15, what is -b - 146780?
-14678b
In base 5, what is -141 + -11331?
-12022
In base 12, what is 55b2b07 + 5?
55b2b10
In base 6, what is -522515415 - 4?
-522515423
In base 11, what is -1887176 + -9?
-1887184
In base 4, what is 111022 - 13203100?
-13032012
In base 10, what is -5021 - 2515?
-7536
In base 8, what is 5412 + 55716?
63330
In base 3, what is -2222 + -2221021021?
-2221101020
In base 3, what is 121 - -2001221202020?
2001221202211
In base 10, what is -337804 - 104?
-337908
In base 8, what is 203536434 + -3?
203536431
In base 2, what is 11111101110001000111 + 10?
11111101110001001001
In base 12, what is -9848a3 - -21?
-984882
In base 9, what is 6023471 - -5?
6023476
In base 11, what is 180480 - -906?
181286
In base 2, what is -1000100111111110111 + -11110?
-1000101000000010101
In base 11, what is -21033 - 1079?
-22101
In base 2, what is -110100111111000 - -1110?
-110100111101010
In base 14, what is -37395 + 37?
-3735c
In base 5, what is -330 + 14214131?
14213301
In base 4, what is 1311002112320 - -1?
1311002112321
In base 8, what is -12247 - -670?
-11357
In base 2, what is 100111 + -10001110101000111?
-10001110100100000
In base 13, what is -2a5300 - -5?
-2a52c8
In base 10, what is -8959 - 254?
-9213
In base 9, what is 38 + 440146?
440185
In base 13, what is -178a + 6976?
51b9
In base 13, what is 3 - 11454a3?
-11454a0
In base 11, what is 971a51 + 11?
971a62
In base 4, what is -33130122 + 2200?
-33121322
In base 2, what is -11101101000101 + 1111100111000?
-1110000001101
In base 14, what is -c05712 + 2?
-c05710
In base 2, what is 100 + 10011000011000001010000?
10011000011000001010100
In base 2, what is -1100110010100 - 10011100001?
-1111001110101
In base 9, what is 15 + 7750046?
7750062
In base 16, what is -4a1d1 + a7?
-4a12a
In base 4, what is -10 - 31210003020303?
-31210003020313
In base 4, what is -1121 - -3110321231?
3110320110
In base 11, what is -2502 + 30440?
28a39
In base 9, what is -1331588 + -188?
-1331787
In base 2, what is -11001 - -1010100110110100011?
1010100110110001010
In base 9, what is 17170 - -320?
17500
In base 14, what is 2cb22 + -b2?
2ca50
In base 2, what is 100011111110011000 + 10010110?
100100000000101110
In base 5, what is -11011 + 224040?
213024
In base 2, what is -11001111001100101100111100 - -101?
-11001111001100101100110111
In base 2, what is 1111100101110 + 10001110000?
10001110011110
In base 15, what is 18792e2 + 1d?
1879310
In base 12, what is 73 - -537775?
537828
In base 14, what is -593 + 64bb?
5d28
In base 16, what is 2497fe6 - 0?
2497fe6
In base 4, what is -3223022210 + 132?
-3223022012
In base 2, what is -11010111011000110000111 + 10110011?
-11010111011000011010100
In base 9, what is -542 - 14228?
-14771
In base 10, what is 1809 + -665?
1144
In base 8, what is -13 + -40342435?
-40342450
In base 5, what is 12100332440 - -10?
12100333000
In base 5, what is 420022 - 423044?
-3022
In base 7, what is 11410461 - 2?
11410456
In base 13, what is 3c949a2 + 3?
3c949a5
In base 6, what is 24453334105 + -20?
24453334045
In base 6, what is 35453300 + 10?
35453310
In base 16, what is b - 1363ce?
-1363c3
In base 16, what is 89 + 90e11?
90e9a
In base 15, what is -e0789a - -5?
-e07895
In base 11, what is 12798590 - -3?
12798593
In base 15, what is 358b - 16b?
3420
In base 9, what is -1604 - 6667?
-8372
In base 7, what is 15055 + 5344?
23432
In base 16, what is -6a + 4afca5?
4afc3b
In base 16, what is -1e8b7 + 83?
-1e834
In base 16, what is -4672 - -23f?
-4433
In base 8, what is 133067061 - -70?
133067151
In base 9, what is 40 + 41214080?
41214130
In base 16, what is -cdbccd + 0?
-cdbccd
In base 3, what is -1002010100210 + 2?
-1002010100201
In base 4, what is 101031330 - -112132?
101210122
In base 4, what is 10 + 30220220230103?
30220220230113
In base 13, what is -9c + a149?
a07a
In base 10, what is 459453 - -162?
459615
In base 9, what is -1615683 - -366?
-1615316
In base 6, what is 3 + -41424043032?
-41424043025
In base 14, what is 4 + 290193?
290197
In base 12, what is 259b + -3a91?
-14b2
In base 14, what is -8cc - -4455?
3967
In base 7, what is 54062 + 30364?
114456
In base 14, what is -7cdb - -70?
-7c6b
In base 7, what is 50106600 - -2?
50106602
In base 9, what is 2 + 7732627?
7732630
In base 14, what is b8d01b - -24?
b8d041
In base 5, what is 43311013 - -4020?
43320033
In base 11, what is 12359 - 28451?
-160a3
In base 3, what is 1 + 100200011121200?
100200011121201
In base 5, what is 22334 - 3034231?
-3011342
In base 10, what is -129847 - 1410?
-131257
In base 10, what is -24 + 285807?
285783
In base 15, what is -36a + -d9d0?
-dd4a
In base 9, what is 184 + -30157?
-28863
In base 4, what is 231121 + 11301?
303022
In base 9, what is -1523582 + 1?
-1523581
In base 6, what is 21321 + 41252?
103013
In base 11, what is -275337136 + 2?
-275337134
In base 15, what is 12 + d012c?
d013e
In base 7, what is -144563155 + 52?
-144563103
In base 13, what is -7139 + -442?
-757b
In base 7, what is 342 + 205040?
205412
In base 7, what is 4 + -1452552652?
-1452552645
In base 7, what is 2524022233 + 2?
2524022235
In base 16, what is 44f46 + -53?
44ef3
In base 13, what is -323 - 23958?
-23c7b
In base 13, what is 48 + 55c66?
55cb1
In base 4, what is -31113100 + 110300?
-31002200
In base 4, what is -32101313002 - -1?
-32101313001
In base 13, what is 103c85 + 8b?
104043
In base 13, what is 5110 - 1243?
3b9a
In base 10, what is -5 - 9378415?
-9378420
In base 12, what is 65 + -436000?
-435b57
In base 12, what is 392 + 104b8?
1088a
In base 16, what is -4 + 151ab76?
151ab72
In base 12, what is -2b21 - -1488?
-1655
In base 9, what is 366654 + -18?
366635
In base 6, what is -5 - -153132335?
153132330
In base 8, what is -32 + -331234?
-331266
In base 14, what is -1b13d7 + -5?
-1b13dc
In base 12, what is 187 + 1110b?
11296
In base 4, what is 221123032203 - 11?
221123032132
In base 15, what is 3 - 178c5d0?
-178c5cc
In base 8, what is -11 + -243123047?
-243123060
In base 9, what is -26 - 5870465?
-5870502
In base 16, what is -78 + 6eeb0?
6ee38
In base 16, what is 1 - ec5df22?
-ec5df21
In base 12, what is 0 + -210b22a0?
-210b22a0
In base 5, what is -4 - 12110240?
-12110244
In base 12, what is 4256b3 - a8?
425607
In base 3, what is 2221100 + -12112110122?
-12102112022
In base 7, what is -3 - -103035236?
103035233
In base 11, what is -75 - -14a23?
14959
In base 11, what is 21605 - -2974?
24479
In base 8, what is 52 - 27641?
-27567
In base 11, what is -2266 - 5879?
-8034
In base 5, what is -3021124434 - 0?
-3021124434
In base 16, what is 62301c + -1?
62301b
In base 13, what is 1231596 - 3?
1231593
In base 2, what is 100010011110000011 + -1101110001?
100010010000010010
In base 5, what is -12 - -331440?
331423
In base 3, what is -20002010011220 - -20122?
-20002002221021
In base 8, what is -467466770 + 4?
-467466764
In base 16, what is -7 - -30d55f?
30d558
In base 16, what is -d - -136e335?
136e328
In base 13, what is 2 - -7991768?
799176a
In base 11, what is -11 + -937662?
-937673
In base 6, what is 2200554 - 111?
2200443
In base